{"id":2339,"date":"2017-06-18T11:35:42","date_gmt":"2017-06-18T16:35:42","guid":{"rendered":"https:\/\/nutricionecuador.com\/?post_type=product&#038;p=2339"},"modified":"2026-04-11T18:59:48","modified_gmt":"2026-04-11T23:59:48","slug":"maltodextrina","status":"publish","type":"product","link":"https:\/\/nutricionecuador.com\/?product=maltodextrina","title":{"rendered":"Maltodextrina"},"content":{"rendered":"<h3>\u00bfQu\u00e9 es la Maltodextrina?<\/h3>\n<p>La maltodextrina se produce a partir del almid\u00f3n de ma\u00edz y se convierte en una forma de carbohidrato de digesti\u00f3n f\u00e1cil. El nombre de &#8220;maltodextrina&#8221; se refiere a pol\u00edmeros de dextrosa de diferentes longitudes. Sin embargo, y a diferencia de la dextrosa, la maltodextrina no es muy dulce. la maltodextrina es el ingrediente principal en la mayor\u00eda de los suplementos para subir peso y normalmente la deber\u00edan utilizar aquellas personas que desean aumentar su masa corporal.<\/p>\n<h3>Beneficios de la Maltodextrina<\/h3>\n<p>La maltodextrina es un polvo fino blanco, ins\u00edpido que se diluye muy f\u00e1cilmente. Tambi\u00e9n aumenta la facilidad de mezclar las prote\u00ednas en polvo que se a\u00f1adan. La maltodextrina apenas contiene grasas o prote\u00ednas y es una fuente barata de energ\u00eda. Aunque t\u00e9cnicamente es un carbohidrato complejo, la maltodextrina consigue una respuesta gluc\u00e9mica similar a la de la dextrosa.<\/p>\n","protected":false},"excerpt":{"rendered":"<h4 class=\"heading\">Beneficios<\/h4>\n<ul>\n<li>Una fuente magn\u00edfica de energ\u00eda<\/li>\n<li>Carbohidratos de alto IG<\/li>\n<li>Excelente para el crecimiento muscular<\/li>\n<li>Disoluci\u00f3n instant\u00e1nea<\/li>\n<\/ul>\n","protected":false},"featured_media":3572,"comment_status":"open","ping_status":"closed","template":"","meta":{"_monsterinsights_skip_tracking":false,"_monsterinsights_sitenote_active":false,"_monsterinsights_sitenote_note":"","_monsterinsights_sitenote_category":0},"product_cat":[119,118],"product_tag":[],"class_list":{"0":"post-2339","1":"product","2":"type-product","3":"status-publish","4":"has-post-thumbnail","6":"product_cat-atletismo","7":"product_cat-gimnasio","9":"first","10":"instock","11":"shipping-taxable","12":"purchasable","13":"product-type-variable"},"_links":{"self":[{"href":"https:\/\/nutricionecuador.com\/index.php?rest_route=\/wp\/v2\/product\/2339"}],"collection":[{"href":"https:\/\/nutricionecuador.com\/index.php?rest_route=\/wp\/v2\/product"}],"about":[{"href":"https:\/\/nutricionecuador.com\/index.php?rest_route=\/wp\/v2\/types\/product"}],"replies":[{"embeddable":true,"href":"https:\/\/nutricionecuador.com\/index.php?rest_route=%2Fwp%2Fv2%2Fcomments&post=2339"}],"wp:featuredmedia":[{"embeddable":true,"href":"https:\/\/nutricionecuador.com\/index.php?rest_route=\/wp\/v2\/media\/3572"}],"wp:attachment":[{"href":"https:\/\/nutricionecuador.com\/index.php?rest_route=%2Fwp%2Fv2%2Fmedia&parent=2339"}],"wp:term":[{"taxonomy":"product_cat","embeddable":true,"href":"https:\/\/nutricionecuador.com\/index.php?rest_route=%2Fwp%2Fv2%2Fproduct_cat&post=2339"},{"taxonomy":"product_tag","embeddable":true,"href":"https:\/\/nutricionecuador.com\/index.php?rest_route=%2Fwp%2Fv2%2Fproduct_tag&post=2339"}],"curies":[{"name":"wp","href":"https:\/\/api.w.org\/{rel}","templated":true}]}}